 d(k) = 4462*k**3 - 15*k**2 + 33*k - 26. What are the prime factors of d(2)?
2, 3, 991
Let m(u) = 17915*u**2 - 604*u + 606. List the prime factors of m(1).
19, 23, 41
Let t(v) = -v**3 + 9*v**2 + 4*v - 12. Let q be t(9). Let i = -24 + q. Suppose 4*a + 41 - 485 = i. List the prime factors of a.
3, 37
Let k(x) = 5*x**2 - 17*x - 2. Let s be (-18 + 20)/((-4)/(-6)). Suppose -r = -4*d - 21, 2*r = s*d + r + 16. What are the prime factors of k(d)?
2, 13
Suppose 677*m - 679*m - 3*u + 30399 = 0, -3*m + 3*u + 45606 = 0. What are the prime factors of m?
3, 563
Let o = -975 + 3164. Suppose 6*z - 385 - o = 0. What are the prime factors of z?
3, 11, 13
Let j = 125 - 131. Let f(m) = -6*m**2 - 7*m - 3. Let y(b) = b**2 + b. Let v(z) = -f(z) - 2*y(z). What are the prime factors of v(j)?
3, 13
List the prime factors of -2*4 - (951152/32)/((-3)/6).
3, 19813
Suppose 0 = 78*q - 235*q + 536783. What are the prime factors of q?
13, 263
Let y(v) = -7*v - 18. Let u = -23 - -67. Suppose t + 18 = -n - 2*t, -4*n - u = 5*t. List the prime factors of y(n).
2, 3
Let d(g) = 2*g - 18. Let p be d(8). Let w be p + 2 + (-36)/(-12). Suppose -2*a + 147 = -w. List the prime factors of a.
3, 5
Let q be (598/(-4) + 1)/((-188)/1880). Suppose -4*u = -9*a + 14*a - q, 4*a + 5*u = 1179. List the prime factors of a.
7, 43
Suppose 2*q + 28 = 9*q. Suppose 0 = 2*u - 3*m - 230, -q*u + 0*u + 496 = 3*m. What are the prime factors of u?
11
Suppose -5*m + 5*j = 3*j - 7900, -4*m + 4*j = -6320. Let w = 2503 - m. What are the prime factors of w?
13, 71
Suppose 2*o - 18 = -18. List the prime factors of ((-4)/8 - o)/((-1)/1084).
2, 271
Suppose 78192 + 300825 = 46*i + 72013. What are the prime factors of i?
2, 47, 71
Let l(t) = -73*t + 12. Let n(j) = -37*j + 7. Let o(d) = -3*l(d) + 7*n(d). List the prime factors of o(-5).
3, 71
Let q(y) = -16*y**3 - y**2 + 34*y - 5. Let j be q(-4). Suppose 4*o + 29*f = 24*f + j, 3*o = -2*f + 652. List the prime factors of o.
2, 109
Suppose -2*s = 10 - 6. Let y be 0 - (31 + s) - (15 - 16). Let p = 128 + y. What are the prime factors of p?
2, 5
Let a(v) = 7*v**3 - 136*v**2 + 80*v + 54. List the prime factors of a(23).
13, 1163
Let k(b) = 732*b**2 + 13*b + 15. Let g be k(-1). Suppose 18846 = 20*x - g. What are the prime factors of x?
11, 89
Suppose f = 4*m + 13951, -f + 10*m - 14*m = -13999. What are the prime factors of f?
5, 13, 43
Let z(m) = 584*m - 1189. List the prime factors of z(12).
11, 23
Suppose 3*a + j = -17, -2*a + 4*a + 6 = 2*j. Let c be (112 - (-1 + -4))*a/(-3). Suppose -7*n = -15 - c. List the prime factors of n.
2, 3, 5
Suppose -4*u = k - 742, 2*u + 8*k - 4*k - 364 = 0. Let x = u + 11. What are the prime factors of x?
197
Suppose -45*c + 50*c + 40 = 0. What are the prime factors of 18*146/c*16/(-4)?
2, 3, 73
Let y(z) = -9*z + 6. Let i(x) = x**3 - 12*x**2 - 10*x - 35. Let t be i(13). Let g be y(t). What are the prime factors of 102/g + 3 + (-712)/(-5)?
2, 71
Let y(s) = 20*s + 793. What are the prime factors of y(-22)?
353
Let n = 2312 - -20380. What are the prime factors of n?
2, 3, 31, 61
Let d = -34123 - -63812. List the prime factors of d.
11, 2699
List the prime factors of (0 + -16)/((0 + (-7)/(-266))/(-17)).
2, 17, 19
Let v(m) = -4*m + 5. Let g be v(3). Let a be (-2)/g + 519/21. Suppose -2*h = a - 385. List the prime factors of h.
2, 3, 5
Suppose 0 = -31*y + 35*y + 4*b + 12, 5*y - 5*b - 35 = 0. Suppose y*i = 2*j + 272 + 146, 4*j = -2*i + 448. What are the prime factors of i?
2, 107
Let z(o) = 3*o**2 - 21*o - 10. Let u be z(-11). Suppose -3*p = -l + 2*p + 146, 0 = 4*l - p - u. Suppose 17 = t - l. List the prime factors of t.
163
Let d(p) = 2*p**2 + 137*p + 3666. List the prime factors of d(-66).
2, 3, 139
Let u = -33540 - -57297. List the prime factors of u.
3, 7919
Let d(x) = -3*x + 57. Let h = -15 - -5. List the prime factors of d(h).
3, 29
Suppose 530 - 1440 = -7*o. Suppose 0*y + o = -y. Let k = y - -216. What are the prime factors of k?
2, 43
Let x(p) = 70*p - 13. What are the prime factors of x(68)?
47, 101
Suppose 2*x + 26*x - 682995 = -129827. What are the prime factors of x?
2, 11, 449
Let h = 301 + -294. Suppose -3608 = h*y - 15179. What are the prime factors of y?
3, 19, 29
Let g(l) = -153*l - 3613. List the prime factors of g(-29).
2, 103
What are the prime factors of -1762*(4/(-8)*6)/6?
881
Suppose 1 = -3*b + 4*b, -3*j + 5*b = -199. Suppose j = 6*c - 778. List the prime factors of c.
3, 47
Suppose 58*b - 989640 = 1527908. List the prime factors of b.
2, 11, 1973
Let z(y) be the first derivative of -2*y**3 + y**2 - 11*y - 14. Let i(j) = -3*j**2 + j - 5. Let w(q) = -5*i(q) + 2*z(q). List the prime factors of w(-2).
17
Let x(d) = -d**3 + 17*d**2 + 16*d + 14. Let q be x(18). Let u = -21 - q. Let n(f) = 134*f**2 - f + 2. What are the prime factors of n(u)?
3, 5
Suppose 34*b - 9*b = 15425. Let r = b - -529. What are the prime factors of r?
2, 3, 191
Suppose 5*r - 16 = 14. Let u(h) = -23*h + 305. List the prime factors of u(r).
167
Suppose 50*t - 908 = 48*t. Suppose -o + t = o. Suppose -717 = -8*c + o. List the prime factors of c.
2, 59
List the prime factors of 92/16 - 1/(-4) - -31556.
2, 43, 367
Suppose 4*l = -2*g - 4 + 8, l = -1. Suppose -2*q - 135 = -5*r + 105, r - 48 = -g*q. Suppose 2*m = r + 292. List the prime factors of m.
2, 5, 17
Let h(l) = 2*l**2 - 16*l + 48. Let s be h(5). Let f(a) = a**2 + 27*a - 54. List the prime factors of f(s).
2, 3, 7
Suppose -9*o + o + 64 = 0. Suppose 3*t - 2*u = 466, o*t = 3*t + 4*u + 780. What are the prime factors of t?
2, 19
Let n(k) = -181*k**3 + 1. Let p be n(-1). Suppose o - p = -c, -c = 2*o - 6*c - 336. List the prime factors of o.
2, 89
Let a be 15/2*45136/93. Suppose 10*c = 2*c + a. List the prime factors of c.
5, 7, 13
Let o(i) = 10*i**3 + 2*i**2 - 52*i - 10. List the prime factors of o(7).
2, 19, 83
Let c = -34 + 30. Let y be (0 - -2) + c + (4 - -1). Suppose -7*o + 12*o + y*w - 140 = 0, -5*w = -2*o + 56. List the prime factors of o.
2, 7
Let l = 16 - -58. Let a = l - 70. What are the prime factors of (a/6 + (-24)/9)*-68?
2, 17
Let n be 22/33*(-3)/(-2). Suppose 4*f - 55 = 8*f - 3*h, 0 = h - n. List the prime factors of -2 - -128 - 39/f.
3, 43
Suppose -3*q + 4*b = -1875, b = q + 4*b - 612. Let a = -440 + q. List the prime factors of a.
181
List the prime factors of (24/(-28) - (-161487)/21) + -6.
3, 13, 197
Suppose 88 = 158*l - 154*l. What are the prime factors of -106*(-3 + 5/2)*l?
2, 11, 53
Suppose 552*o - 786360 = 536*o - 7752. List the prime factors of o.
3, 5407
Let p(w) = -5*w**2 + 12*w - 16. Let i(n) = 14*n**2 - 35*n + 47. Let k(r) = 4*i(r) + 11*p(r). Let o be k(7). List the prime factors of ((-52)/5)/((-2)/o).
2, 13
Let n = 392 - 387. Suppose -4*c + 2*z + 3752 = 0, n*c = z + 2446 + 2250. What are the prime factors of c?
2, 5, 47
Let s = -6326 + 13624. Suppose -20*a = -s - 1442. What are the prime factors of a?
19, 23
Let l(q) = 17*q**3 - q**2 - 7*q + 12. Let t be l(5). Let m = t + -728. What are the prime factors of m?
19, 71
What are the prime factors of (733086/(-27)*2/4)/((-4)/12)?
139, 293
Let t = 245 + -243. Suppose -9*o = -t*o - 2835. List the prime factors of o.
3, 5
Let k = -8619 - -13931. What are the prime factors of k?
2, 83
Let l be ((-3)/(-12) + (-1)/4)/(-3). Suppose 15*d + 0*d - 240 = l. List the prime factors of 1629/24 + 2/d.
2, 17
Suppose 0 = -9*p + 1768 + 817 + 403. What are the prime factors of p?
2, 83
Suppose 0 = 3*t + 2*o - 9, 0 = 9*t - 8*t - 3*o - 3. Suppose -5*f + t*h + 18 = 0, 2*f + 11 = 7*f + 4*h. What are the prime factors of f?
3
Let n(i) = -55*i - 161. Let c be n(-13). Let m = 1604 - c. What are the prime factors of m?
2, 3, 5, 7
Let v(b) = b + 44. Let a be v(10). What are the prime factors of 604/(2 - 0) + (a - 49)?
307
Suppose -5*n - 5200 = -15*n. Let h = n + 211. What are the prime factors of h?
17, 43
Let q = -160 + 70. Let r = -43 + 194. Let s = r + q. List the prime factors of s.
61
Let v(i) = 213*i**2 - 28*i - 46. What are the prime factors of v(-2)?
2, 431
Let b(y) = y**2 + 17*y - 32. Let h be b(-19). Let o be 9/h - (-1764)/24. Suppose -l - 417 = -4*c - 145, c - o = 2*l. List the prime factors of c.
67
Suppose 2*u - 2*i - 1784 = 0, 3*u + 101*i = 105*i + 2676. Let o = 2758 - u. What are the prime factors of o?
2, 3, 311
Suppose -7787 - 4883 = -10*r. Let q = r